*d - 176 = -4*y, 4*d = 2*d + y + 99. What is the units digit of d?
2
Let q = 74 + -2. Suppose -3*h = -h - q. Let g = h - 25. What is the tens digit of g?
1
What is the tens digit of 105/(-10)*4*6/(-9)?
2
Let t(k) = k**3 + 6*k**2 - 8*k - 4. What is the units digit of t(-5)?
1
Let u(w) = -26*w + 38. What is the hundreds digit of u(-6)?
1
Suppose 21 = u + 3*f - 31, 5*f = -u + 50. What is the units digit of u?
5
Let v(c) = -c**2 + 4*c + 9. Let u be v(6). Suppose -5*q = -5*r - 5, -2*q + 4 = -4*r + 8. Let s = u + q. What is the units digit of s?
1
Let k = 11 - 12. What is the tens digit of k/(-4) - 214/(-8)?
2
Suppose 6 = 3*h - 3*x, -3*h - 2*x = -0*x + 19. What is the tens digit of 19/(1 - h - 3)?
1
What is the tens digit of (-2)/(-12)*-3*-130?
6
Let d be ((-5)/(-15))/(2/618). Suppose -69 = -3*b - 0*b + 3*a, 5*b + a = d. What is the tens digit of b?
2
Let v(i) = -i**3 - i**3 + 2*i + i**3. What is the units digit of v(-2)?
4
Let q(k) be the second derivative of k**5/20 + k**4/3 + k**3/6 - k**2 - 3*k. Let c(d) = -2*d**2 + d + 1. Let o be c(-1). What is the units digit of q(o)?
4
Let g be ((-6)/9)/((-2)/3). Let q = g - -2. Let t = 6 - q. What is the units digit of t?
3
Suppose -4*g = -3*q + 32, -5*q - 3*g + 60 = -32. What is the tens digit of q?
1
Suppose a - 2*w - 6 = -0*w, a + 5*w = -1. Suppose a*z = z + 24. What is the units digit of z?
8
Suppose 2*j - 3*n + 150 = 5*j, -5*j - n + 230 = 0. What is the units digit of j?
5
Let z(c) = -c**2 - 9*c - 8. Let o be z(-7). Let d = o + -6. Suppose d = -p - p + 10. What is the units digit of p?
5
Let v(m) = -m. Let w be v(-5). Suppose -3*t - 20 + 220 = 5*z, w*z - 210 = -t. Let f = z + -30. What is the tens digit of f?
1
What is the units digit of (-3)/2*48/(-9)?
8
Let k(h) = -10*h - 13. Let b(q) = -5*q - 7. Let y(x) = 11*b(x) - 6*k(x). What is the tens digit of y(3)?
1
Let v be ((-10)/(-3))/(4/(-54)). Let f = v - -91. What is the units digit of 6/(-33) - f/(-11)?
4
Let p be 1*3 - (-2 + 1). Suppose 3*o = -o + 2*d + 42, -21 = -p*o - 5*d. What is the units digit of o?
9
Let m(o) be the third derivative of o**5/60 + 7*o**4/24 + 2*o**3/3 - 2*o**2. What is the units digit of m(-7)?
4
What is the tens digit of (-6)/(-9)*3 - -13?
1
Let f(b) = 2*b**2 + 1. Let y be f(2). Suppose -3*m + y = -0*m. What is the units digit of m?
3
Let o(j) = j**3 + 11*j**2 - j - 5. Let y be o(-11). Suppose -2 = 4*a - y*a. What is the units digit of a?
1
Suppose 4*z = z + 5*f + 13, 2*z - 16 = -4*f. Let b be z*(-2 - 7/(-2)). Suppose -p + 2 = -b. What is the tens digit of p?
1
Let z(d) = 2*d - 1. What is the units digit of z(2)?
3
Let a = -12 + 17. Suppose -5*y + 19 + 1 = 0. Suppose 5*k = 4*f + 14, -3*f + a*f + 10 = y*k. What is the units digit of k?
2
Suppose -3*g = 31 - 121. What is the tens digit of g?
3
Suppose 0 = -5*z + b - 39, 4*z - 3*b + 8*b + 8 = 0. Let f(j) = 4*j + 6. Let w(u) = 5*u + 7. Let n(s) = 6*f(s) - 5*w(s). What is the units digit of n(z)?
8
Let p = -4 + 17. Let k = 31 + p. What is the tens digit of k?
4
Let y = 10 - 7. Let m(k) = -4*k**2 - 5*k + y*k**2 - 2*k. What is the units digit of m(-6)?
6
Let f = 181 + -96. What is the tens digit of f?
8
Let o(x) = 19*x - 6 - 2 - 7*x - x**2 + 1. What is the tens digit of o(9)?
2
Suppose -5*p - 3*l + 39 = 0, -4*p + l + 28 = 5*l. Let w = -3 + p. What is the units digit of w?
6
Let m(p) = p + 3. Let g be m(-5). Let l = 4 + g. What is the units digit of ((-3)/l)/(6/(-44))?
1
Let k(j) = -13*j**3 + j**2 - j + 1. Let s be k(1). Let o be 1 - s/(-3) - -1. What is the units digit of 4/o*(-2)/4?
1
Let b = -10 + 14. Suppose -3 - 1 = l + v, 5*l + 17 = -b*v. What is the units digit of 1/(l/2) + 6?
4
Suppose 14*h + 316 = 974. What is the tens digit of h?
4
Suppose -2*h + 51 = -145. What is the tens digit of h?
9
Suppose u - 15 - 5 = 0. What is the tens digit of u?
2
Let q = -64 - -136. Suppose 0*u = 3*u + q. What is the units digit of (u/(-10))/(10/25)?
6
Let w be (-12)/15*(-25)/(-1). Let k be (w/12)/((-1)/3). Suppose -4*l + 0*h + 35 = -h, -k*h = -l + 23. What is the units digit of l?
8
What is the units digit of (-3)/7*1 + 30/21?
1
Suppose -852 = -89*y + 83*y. What is the units digit of y?
2
Suppose 2*y - 1134 = -4*r, 6*y - 2*y = 12. What is the hundreds digit of r?
2
Let k = 13 + -5. Let d = k + -6. Suppose 2*c - 5*g = 25, -6*g + d*g = c + 7. What is the units digit of c?
5
Suppose 3*q = -q + 28. Suppose -q*i + 2*i = -5. What is the units digit of i?
1
Suppose 0 = -4*w + q + 29 + 264, 5*w = 2*q + 364. What is the tens digit of w?
7
Let x = 0 + 4. Suppose g - 19 = x*p, 2*g - p - 3 = 7. Let o = -2 + g. What is the units digit of o?
1
Suppose -11 = 2*k - h - 4*h, -3*h + 1 = -4*k. Suppose i - k*i + 3 = 0. What is the units digit of i?
3
Let d be 6/10 - 3/5. Suppose -4*o - 3 = -2*k + 1, -5*k - 4*o + 10 = d. What is the units digit of k?
2
Suppose -47 + 12 = -5*k. What is the units digit of k?
7
Suppose 3*j - 120 = -j. What is the tens digit of j?
3
Suppose 5*x = -0 + 20. Suppose 0 = 5*g + 4*i - 72, 2*g - x*i = g + 24. Suppose -g + 4 = -4*l. What is the units digit of l?
3
Let g(q) = -q**3 + 12*q**2 - 14*q + 3. Let l be g(10). Suppose 3*c + 3*p = l, 9 = 2*p + 3. What is the units digit of c?
8
Let f(n) = 2*n**2 - 8*n - 7. What is the tens digit of f(13)?
2
Let n be (-2)/(2*-1 - -1). Let d(c) = -1 + n*c + 0*c + c. What is the units digit of d(2)?
5
Suppose -4 = -3*r + 2*r, -3*r = -2*x - 30. Let h = x + 20. What is the tens digit of h?
1
Let q(g) = 1 - 4 + 5 - 5*g. What is the units digit of q(-4)?
2
Let z(w) = w**3 - w. Let j(h) = -3*h**3 - 2*h**2 + 5*h + 2. Let a(g) = j(g) + 4*z(g). Let b be a(2). Suppose p = -1 + b. What is the units digit of p?
3
Suppose -10 = 2*m + 3*m. Let z be 128/20 - 2/5. What is the units digit of m/z - (-38)/6?
6
Let n = -24 - -80. What is the tens digit of n?
5
Suppose -m - m + 6 = 0. Suppose k + m*f = 9 + 2, k + 5 = 5*f. What is the units digit of k?
5
Let q(k) = -k**3 - k**2 + 3*k. Let j be q(-3). Suppose j + 36 = 3*z. Suppose z = 2*f + 3*f. What is the units digit of f?
3
Let a(n) = -2*n - 8. Let y be -4*((-1)/(-2) - -1). Let s be a(y). Suppose s*u + 20 = 0, t + 6 + 6 = -3*u. What is the units digit of t?
3
Suppose 0*w = -w - 2. Let n be ((-1)/w)/((-6)/(-36)). Suppose n*h - 4*h + 61 = 4*q, 0 = 5*h - 25. What is the tens digit of q?
1
Suppose -63*q + 67*q = 1052. What is the tens digit of q?
6
Let t(v) be the third derivative of 7*v**4/24 - v**3/6 + 2*v**2. What is the units digit of t(2)?
3
Suppose -y = 4*y. Suppose 2*l = -3*u + 14, 28 = -y*u + 5*u + l. Suppose -2*j - j - 5*r + u = 0, -5*j + 32 = r. What is the units digit of j?
7
Let u(r) = -r**2 + 15*r - 15. What is the units digit of u(6)?
9
Suppose 151 = -5*z + 421. Let c = 95 - z. What is the units digit of c?
1
Let x = 1 - 0. Let j be (-2)/(-6) - 20/(-3). Let k = j + x. What is the units digit of k?
8
Let b = -3 - -3. Suppose 0 = -0*q - q + i + 5, b = q + i - 7. What is the units digit of q?
6
Suppose -a + g - 9 = -0*a, -a + 6 = 2*g. What is the tens digit of (-62)/a - (-3)/(-6)?
1
Let u(n) = 2*n**3 + 4*n**2 + 10*n - 19. What is the units digit of u(4)?
3
Let x(u) = 8*u**2 - 2*u. Let j be x(-2). Suppose -h = h - 3*w - 36, -3*w + j = h. What is the tens digit of h?
2
Let j(w) = w**2 + 7*w + 1. What is the tens digit of j(-12)?
6
Suppose -30 = -2*d - 3*n - 11, 3*n = -d + 14. Suppose -x + d = -26. What is the tens digit of x?
3
Let y be 1 - (1 + -1 + 15). Let v be (-24)/(2 + (-3)/3). Let s = y - v. What is the units digit of s?
0
Let o(f) = f + 8. Suppose 2*q - 4*t + 18 - 2 = 0, 0 = -4*q + t + 3. Suppose -s = q*s. What is the units digit of o(s)?
8
Suppose -11*n + 834 = 5*l - 14*n, -2*n = 6. What is the tens digit of l?
6
Let r(v) = -7*v**2 + 12*v + 2. Let x(l) = -13*l**2 + 23*l + 3. Let g(w) = -11*r(w) + 6*x(w). Let d = 6 - 3. What is the units digit of g(d)?
5
Let r(c) = c**3 - c**2 - c + 3. Let d be r(0). Suppose d*a + 9 = 4*a. What is the units digit of a?
9
Suppose -3*z + 67 = -s, z + 3*s = s + 13. Let m = 38 - z. What is the units digit of m?
7
Suppose 256 = 4*c + 4*c. What is the units digit of c?
2
Suppose -3*j = -3 - 6. Suppose t - 8 = -o + 2*t, o - 8 = j*t. What is the units digit of o?
8
Suppose 0 = -3*y + y + 134. What is the tens digit of y?
6
Let a = -47 + 230. What is the units digit of a?
3
Let k(q) = 